
False
Is 23 a factor of 197859?
False
Is 14978115 a multiple of 465?
True
Does 26 divide 898716?
True
Is 23 a factor of 193476?
True
Is 191 a factor of 367936?
False
Does 76 divide 1248686?
False
Is 625615 a multiple of 593?
True
Is 162840 a multiple of 295?
True
Is 813 a factor of 15781956?
True
Does 5 divide 48594?
False
Is 17 a factor of 564747?
False
Is 11 a factor of 1244122?
True
Does 456 divide 7150850?
False
Is 331 a factor of 4971289?
True
Is 8798396 a multiple of 195?
False
Is 23 a factor of 1956494?
False
Does 296 divide 1607576?
True
Does 8 divide 95928?
True
Is 1209645 a multiple of 9?
True
Is 144447 a multiple of 275?
False
Does 12 divide 355023?
False
Is 660000 a multiple of 76?
False
Does 16 divide 259119?
False
Does 342 divide 157602?
False
Is 176 a factor of 225456?
True
Does 749 divide 685335?
True
Is 208581 a multiple of 277?
True
Is 139072 a multiple of 82?
True
Is 138 a factor of 240120?
True
Is 43289 a multiple of 73?
True
Does 111 divide 5546670?
True
Does 36 divide 82220?
False
Is 35629 a multiple of 42?
False
Is 322620 a multiple of 285?
True
Is 156 a factor of 3475056?
True
Is 9 a factor of 28651?
False
Does 62 divide 74586?
True
Is 32 a factor of 70048?
True
Is 9283364 a multiple of 419?
True
Does 65 divide 819414?
False
Is 2416 a multiple of 151?
True
Is 221170 a multiple of 31?
False
Is 297 a factor of 305910?
True
Is 151146 a multiple of 9?
True
Is 250875 a multiple of 125?
True
Is 48 a factor of 4527824?
False
Is 110 a factor of 213400?
True
Does 16 divide 17155?
False
Is 1732 a factor of 17467220?
True
Is 153582 a multiple of 66?
True
Is 491409 a multiple of 90?
False
Is 62708 a multiple of 122?
True
Is 594 a factor of 298188?
True
Does 15 divide 5711417?
False
Is 485 a factor of 2884780?
True
Is 7051964 a multiple of 19?
True
Does 11 divide 3258038?
False
Is 146 a factor of 449301?
False
Does 106 divide 2766538?
False
Is 4 a factor of 87838?
False
Is 1291272 a multiple of 519?
True
Is 215665 a multiple of 80?
False
Does 4 divide 24864?
True
Is 7873 a multiple of 2?
False
Is 321894 a multiple of 93?
False
Does 600 divide 1155454?
False
Is 694405 a multiple of 158?
False
Does 11 divide 132990?
True
Is 785040 a multiple of 16?
True
Does 248 divide 19840?
True
Is 1947179 a multiple of 112?
False
Is 1453869 a multiple of 193?
True
Is 8 a factor of 200280?
True
Is 33 a factor of 5021049?
True
Is 764401 a multiple of 42?
False
Does 4 divide 156017?
False
Is 376488 a multiple of 56?
True
Does 32 divide 3136?
True
Is 412695 even?
False
Does 152 divide 4560?
True
Is 58975 a multiple of 71?
False
Is 2584351 a multiple of 12?
False
Does 14 divide 2255946?
True
Is 291783 a multiple of 19?
True
Does 61 divide 131325?
False
Is 51 a factor of 7453395?
True
Is 3 a factor of 299933?
False
Does 703 divide 189886?
False
Is 191320 a multiple of 40?
True
Is 183587 a multiple of 2?
False
Does 32 divide 352256?
True
Is 201 a factor of 6252105?
True
Does 110 divide 815870?
True
Is 85 a factor of 128046?
False
Is 21 a factor of 1427472?
False
Is 204 a factor of 65734?
False
Does 9 divide 1160189?
False
Is 8343 a multiple of 41?
False
Is 128 a factor of 79380?
False
Is 972868 a multiple of 7?
False
Does 27 divide 33942?
False
Is 4 a factor of 617917?
False
Is 85969 a multiple of 221?
True
Does 543 divide 244350?
True
Is 13 a factor of 51467?
True
Is 802478 a multiple of 47?
True
Does 124 divide 255705?
False
Is 2794140 a multiple of 215?
True
Is 2121551 a multiple of 492?
False
Is 3357680 a multiple of 304?
True
Is 215500 a multiple of 2?
True
Is 99280 a multiple of 20?
True
Is 13 a factor of 2778217?
True
Is 121496 a multiple of 8?
True
Is 39 a factor of 138255?
True
Does 17 divide 142698?
True
Is 99 a factor of 213370?
False
Does 31 divide 1112063?
True
Does 47 divide 654214?
False
Is 10479683 a multiple of 212?
False
Does 377 divide 6597500?
True
Is 35 a factor of 136360?
True
Does 95 divide 629623?
False
Is 1009338 a multiple of 33?
True
Is 340 a factor of 4965700?
True
Is 194 a factor of 68676?
True
Does 676 divide 2653300?
True
Is 374736 a multiple of 12?
True
Is 5287703 a multiple of 64?
False
Is 59 a factor of 130980?
True
Is 105738 a multiple of 241?
False
Is 1845333 a multiple of 7?
True
Does 24 divide 517683?
False
Is 544542 a multiple of 47?
True
Is 413990 a multiple of 10?
True
Does 744 divide 102672?
True
Is 235 a factor of 76147?
False
Is 775 a factor of 819950?
True
Does 449 divide 212826?
True
Does 7 divide 50316?
True
Is 92 a factor of 6961640?
True
Is 319 a factor of 3257947?
True
Is 534 a factor of 249859?
False
Is 26 a factor of 1241292?
True
Does 101 divide 101202?
True
Is 473184 a multiple of 12?
True
Is 118 a factor of 985037?
False
Is 3009508 a multiple of 23?
False
Is 20 a factor of 121459?
False
Is 223 a factor of 41785?
False
Is 37195 a multiple of 11?
False
Does 523 divide 2604037?
False
Is 238 a factor of 5494401?
False
Does 302 divide 6073522?
True
Is 16 a factor of 2509083?
False
Is 167 a factor of 2695741?
False
Does 26 divide 73814?
True
Is 18 a factor of 1212533?
False
Does 385 divide 2006235?
True
Does 493 divide 1129463?
True
Is 105 a factor of 1819335?
True
Does 487 divide 336014?
False
Is 925676 a multiple of 901?
False
Is 351798 a multiple of 17?
True
Is 477 a factor of 7363895?
False
Does 2 divide 58?
True
Does 15 divide 85950?
True
Is 21 a factor of 637159?
False
Is 730 a factor of 829280?
True
Is 51 a factor of 145146?
True
Is 3 a factor of 867974?
False
Does 44 divide 118615?
False
Is 351 a factor of 483327?
True
Is 1831 a factor of 8147950?
True
Is 41 a factor of 846363?
True
Does 207 divide 676857?
False
Is 649466 a multiple of 104?
False
Is 6799224 a multiple of 87?
True
Is 7 a factor of 527660?
True
Does 87 divide 6612?
True
Does 4 divide 1085566?
False
Is 36302 a multiple of 14?
True
Is 871803 a multiple of 12?
False
Does 636 divide 24177?
False
Is 17 a factor of 140193?
False
Does 36 divide 36252?
True
Does 72 divide 12880935?
False
Is 1805370 a multiple of 70?
True
Does 371 divide 617715?
True
Does 15 divide 4762?
False
Is 269100 a multiple of 181?
False
Does 161 divide 179883?
False
Is 64 a factor of 1473792?
True
Does 95 divide 4822295?
True
Does 749 divide 14076259?
False
Is 12 a factor of 9183?
False
Is 23 a factor of 1044319?
False
Is 5 a factor of 310520?
True
Does 73 divide 527495?
False
Is 14 a factor of 648657?
False
Does 8 divide 266376?
True
Is 59 a factor of 802813?
True
Is 31790 a multiple of 22?
True
Is 76 a factor of 5956500?
True
Is 665862 a multiple of 6?
True
Is 228 a factor of 28266528?
True
Does 12 divide 62592?
True
Is 187 a factor of 345389?
True
Does 34 divide 219169?
False
Is 1035632 a multiple of 4?
True
Is 23048 a multiple of 268?
True
Is 762 a factor of 907542?
True
Is 169 a factor of 4941579?
False
Is 237215 a multiple of 241?
False
Is 37 a factor of 15429?
True
Is 17 a factor of 396597?
False
Is 133091 a multiple of 18?
False
Does 95 divide 20805?
True
Does 92 divide 114918?
False
Is 10 a factor of 104633?
False
Is 45 a factor of 16362?
False
Is 171 a factor of 98325?
True
Is 521353 a multiple of 1058?
False
Is 1848350 a multiple of 23?
False
Is 9205560 a multiple of 819?
True
Is 6323312 a multiple of 1741?
True
Is 4975866 a multiple of 207?
True
Is 7512237 a multiple of 12?
False
Does 77 divide 314534?
False
Is 33 a factor of 1436270?
False
Is 715599 a multiple of 587?
False
Does 107 divide 37693?
False
Is 6 a factor of 19818?
True
Is 18 a factor of 611604?
True
Does 115 divide 189938?
False
Is 2270100 a multiple of 329?
True
Is 118 a factor of 2871766?
True
Is 29 a factor of 87116?
True
Is 89 a factor of 787650?
True
Is 4394716 a multiple of 22?
False
Is 81788 a multiple of 75?
False
Does 84 divide 1152648?
True
Is 347 a factor of 2812527?
False
Does 47 divide 2676930?
False
Is 1489503 a multiple of 69?
True
Is 113 a factor of 42885?
False
Is 28 a factor of 902804?
True
Is 98049 a multiple of 23?
True
Does 297 divide 81276?
False
Is 6 a factor of 3485959?
False
Is 323687 a multiple of 23?
False
Is 216012 a multiple of 282?
True
Does 10 divide 42680?
True
Is 42 a factor of 235106?
False
Is 117 a factor of 3234699?
True
Does 50 divide 779737?
False
Does 118 divide 43268201?
False
Is 560 a factor of 2489200?
True
Is 3818 a multiple of 23?
True
Is 483 a 